Determine r(-5).
5
Let u(o) = -7*o + 71. Calculate u(9).
8
Let r(n) = 2*n + 24. Determine r(-16).
-8
Let d(z) = -3*z - 46. Determine d(-8).
-22
Let f(m) = -m**2 + 9*m + 16. Give f(-5).
-54
Let b(r) = r**2 + 20*r + 64. Determine b(-14).
-20
Let y(x) = -7*x + 13. What is y(4)?
-15
Let b(n) = n**3 + 11*n**2 - 17*n - 11. Determine b(-12).
49
Let u(x) = 7*x - 101. Calculate u(13).
-10
Let y(u) = u**3 - 8*u**2 + 15*u - 3. Calculate y(6).
15
Let f(m) = m**2 + 14*m + 64. Give f(-13).
51
Let h(b) = 5*b**2 + 2*b + 1. Give h(-1).
4
Let p(c) = 25*c**2 + c - 2. Determine p(2).
100
Let b(t) = -t**3 - 4*t**2 - 5*t. Determine b(-3).
6
Let p(q) = q**2 - 2*q - 12. Calculate p(5).
3
Let j(s) = -13*s**2 + 2*s + 17. What is j(-3)?
-106
Let g(m) = m**2 + 2*m + 2. Calculate g(3).
17
Let p(i) = i**2 - 4*i + 4. Calculate p(6).
16
Let d(g) = 6*g + 46. What is d(-8)?
-2
Let t(f) = f**3 + 5*f**2 - 5*f + 19. Determine t(-6).
13
Let s(u) = -2*u + 40. Calculate s(15).
10
Let i(q) = 5*q + 6. Determine i(-3).
-9
Let n(v) = -v**3 - 6*v**2 + 3*v - 22. Determine n(-7).
6
Let p(h) = -h**2 + 73*h + 6. Determine p(0).
6
Let p(s) = s**2 - s - 5. What is p(5)?
15
Let a(k) = k**3 - 10*k**2 + 3*k + 13. Give a(10).
43
Let h(l) = 3*l**2 + 3*l + 11. Calculate h(-7).
137
Let j(m) = m**3 + 6*m**2 + 16*m + 45. Determine j(-4).
13
Let b(z) = z**3 - 12*z**2 + 16*z - 27. Determine b(10).
-67
Let h(j) = -3*j + 12. Determine h(5).
-3
Let g(i) = 23*i + 2. Determine g(-1).
-21
Let k(c) = c**2 + 7*c - 5. What is k(-8)?
3
Let y(h) = h**3 + 5*h**2 + 2*h. Give y(-3).
12
Let p(o) = -o**3 + 10*o**2 - 3*o + 23. Calculate p(10).
-7
Let o(u) = -u**2 - 78*u - 233. What is o(-3)?
-8
Let w(x) = -6*x**2 + 28*x - 14. Calculate w(4).
2
Let r(l) = 30*l - 7. Determine r(6).
173
Let z(i) = i**2 - i + 6. Calculate z(0).
6
Let x(i) = 3*i**2 + 32*i - 36. What is x(-11)?
-25
Let i(q) = 2*q + 20. Calculate i(-12).
-4
Let g(r) = -r**2 - 3*r + 10. Determine g(-5).
0
Let l(f) = -2*f**3 - f**2 - 2*f + 2. Calculate l(2).
-22
Let w(j) = j**3 - 10*j**2 - 25*j + 23. Determine w(12).
11
Let s(l) = 7*l - 21. Calculate s(-9).
-84
Let c(k) = 2*k**2 - 4*k + 7. Calculate c(3).
13
Let t(s) = -8*s - 46. Give t(-5).
-6
Let m(k) = k - 26. What is m(29)?
3
Let f(v) = 7*v - 55. Determine f(6).
-13
Let s(p) = -3*p - 6. What is s(-9)?
21
Let d(a) = -a**3 - 10*a**2 - 26*a - 12. Give d(-5).
-7
Let j(s) = -s - 7. What is j(8)?
-15
Let g(d) = 6*d**2 - 28*d + 5. What is g(5)?
15
Let o(q) = 2*q**2 - 44*q + 90. Calculate o(20).
10
Let g(j) = 4*j - 6. Determine g(-2).
-14
Let q(k) = -5*k**2 - 6*k - 7. Give q(-3).
-34
Let t(b) = -b**2 + 32*b + 1. Give t(6).
157
Let s(r) = r**2 + 4*r - 8. Calculate s(-5).
-3
Let o(x) = -51*x - 658. Give o(-13).
5
Let f(k) = k**3 + 6*k**2 - 8*k - 6. Give f(-7).
1
Let h(d) = d**3 - 6*d**2 - 2*d - 24. Give h(7).
11
Let y(u) = -15*u + 3. What is y(5)?
-72
Let p(a) = a**2 - 5*a - 6. Give p(7).
8
Let z(n) = -n**2 + 6*n + 6. What is z(9)?
-21
Let j(v) = -v**2 + 5*v + 51. Calculate j(-4).
15
Let i(v) = -v**2 - 2*v + 2. What is i(3)?
-13
Let c(o) = -3*o + 1. What is c(-2)?
7
Let f(w) = w**2 + 9*w + 12. Determine f(-10).
22
Let n(d) = d**3 + 3*d**2 - 15*d - 15. Determine n(-5).
10
Let n(s) = s**3 + 28*s**2 - 30*s - 30. What is n(-29)?
-1
Let i(n) = -n**3 + 31*n**2 + 32*n + 20. Calculate i(32).
20
Let i(h) = -4*h**3 + 19*h**2 + 5*h - 8. What is i(5)?
-8
Let w(m) = 7*m**2 + m + 12. Give w(3).
78
Let u(z) = -2*z**2 - 14*z - 6. Determine u(-5).
14
Let q(r) = r**2 + 8*r - 59. Calculate q(-12).
-11
Let b(s) = s**3 - 6*s**2 - s + 5. Give b(6).
-1
Let j(o) = -2*o - 21. Determine j(-7).
-7
Let h(o) = -o**2 - 13*o + 28. Determine h(-12).
40
Let q(g) = -g**2 - 6*g + 1. What is q(-5)?
6
Let h(d) = -2*d**2 - 2*d + 1. Calculate h(-3).
-11
Let x(g) = g**2 + 5*g - 4. Give x(-8).
20
Let f(c) = 14*c - 16. Calculate f(11).
138
Let a(s) = -59*s + 186. Calculate a(3).
9
Let c(j) = 5*j. Determine c(7).
35
Let k(m) = -5*m + 11. Give k(10).
-39
Let c(p) = -p**2 + 16*p - 65. Calculate c(8).
-1
Let q(k) = -2*k**2 + k - 1. What is q(-4)?
-37
Let w(g) = g**2 - 7*g + 12. What is w(11)?
56
Let b(i) = i**3 - 11*i**2 - 33*i + 95. What is b(13)?
4
Let i(j) = -110*j**3 - j**2 + 4*j - 2. What is i(1)?
-109
Let s(p) = 5*p + 75. Determine s(-16).
-5
Let y(u) = u + 17. Give y(-11).
6
Let g(b) = 4*b - 14. Determine g(7).
14
Let r(v) = 3*v**2 + 51*v + 42. Calculate r(-16).
-6
Let j(l) = 10*l - 69. Determine j(7).
1
Let b(z) = z**2 + 3*z - 6. Give b(-8).
34
Let b(v) = 2*v**2 + 5*v + 9. Determine b(-2).
7
Let g(s) = -2*s**2 + 3*s + 10. Calculate g(-5).
-55
Let i(h) = 2*h**3 - 3*h**2 + 1. Give i(2).
5
Let z(m) = -4*m**2 - 2*m + 2. Give z(-2).
-10
Let c(z) = -z**2 - 7*z - 15. Calculate c(-6).
-9
Let n(y) = y**2 - 6*y - 6. What is n(7)?
1
Let c(q) = -q**2 + 7*q - 15. Calculate c(6).
-9
Let t(j) = 6*j + 11. Give t(-10).
-49
Let n(y) = 4*y - 24. Calculate n(7).
4
Let m(z) = z**3 - 21*z**2 + z + 30. Calculate m(21).
51
Let m(z) = 6*z**2. What is m(-2)?
24
Let b(l) = -l - 6. Determine b(0).
-6
Let o(d) = -d + 10. Calculate o(-3).
13
Let q(z) = z - 14. Determine q(4).
-10
Let z(x) = 2*x**2 + 9*x. Give z(-4).
-4
Let d(w) = 6*w - 3. What is d(-3)?
-21
Let w(d) = -170*d - 5. What is w(-1)?
165
Let l(b) = -b**3 - 4*b**2 - 2*b - 9. Give l(3).
-78
Let y(o) = o**2 + 9*o - 2. Give y(-9).
-2
Let d(k) = 5*k + 31. Determine d(-5).
6
Let j(v) = -7*v - 2. Calculate j(-1).
5
Let b(g) = -10*g. Give b(-1).
10
Let n(c) = -39*c - 77. Calculate n(-2).
1
Let h(p) = 9*p - 57. Determine h(11).
42
Let k(c) = c**3 + 10*c**2 + 16*c + 4. What is k(-8)?
4
Let g(d) = -4*d**2 - 11*d + 20. Determine g(2).
-18
Let z(s) = -15*s**2 - 1. Calculate z(1).
-16
Let h(u) = -u**3 - 8*u**2 + 14*u + 40. Give h(-9).
-5
Let m(d) = -d**2 - 2*d + 1. Give m(-2).
1
Let d(t) = 16*t + 16. Calculate d(-5).
-64
Let g(a) = -a**2 - a. Calculate g(2).
-6
Let p(v) = v**3 - 18*v**2 + 19*v - 41. What is p(17)?
-7
Let a(t) = 2*t**3 - 11*t**2 - 6*t - 5. Give a(6).
-5
Let q(d) = d - 6. Calculate q(6).
0
Let f(w) = w**2 - 7*w - 11. Calculate f(8).
-3
Let n(u) = 2*u + 17. Determine n(0).
17
Let q(u) = -24*u + 284. What is q(12)?
-4
Let i(m) = -5*m**2 - 5*m - 3. What is i(-4)?
-63
Let m(a) = 2*a**3 + 10*a**2 - 12*a - 13. What is m(-6)?
-13
Let r(v) = -v**2 + 35*v - 92. Determine r(3).
4
Let z(h) = 2*h**3 + 10*h**2 - 3*h - 9. Determine z(-5).
6
Let f(b) = -b**3 - 30*b**2 + 66*b + 74. What is f(-32)?
10
Let g(b) = -15*b**3 + 2*b. Give g(-2).
116
Let j(s) = s**2 - 3*s + 2. What is j(4)?
6
Let p(b) = -b - 24. Give p(-23).
-1
Let x(m) = -17*m**2 + 154*m - 10. What is x(9)?
-1
Let v(u) = 8*u - 89. Give v(10).
-9
Let q(x) = 2*x**2 + 22*x. Calculate q(-11).
0
Let z(b) = 21*b. Determine z(-1).
-21
Let j(b) = -2*b + 12. What is j(6)?
0
Let t(p) = p**3 - 11*p**2 - 4*p + 21. Give t(11).
-23
Let l(g) = 16*g - 21. Determine l(0).
-21
Let n(c) = -c**2 - 12*c + 1. Give n(-12).
1
Let x(b) = -b**2 - 21*b - 103. Determine x(-13).
1
Let u(r) = r**3 + 13*r**2 + 12*r - 1. Give u(-12).
-1
Let v(r) = 2*r + 134. Determine v(-36).
62
Let j(z) = -z**3 + 6*z**2 + z - 16. Give j(4).
20
Let c(p) = -8*p - 17. What is c(-3)?
7
Let y(h) = h**3 - 8*h**2 + 2*h - 18. Give y(8).
-2
Let o(t) = -t**2 + 2*t + 1. Determine o(4).
-7
Let k(l) = 3*l**2 - 35*l + 44. Determine k(10).
-6
Let p(u) = -8*u**2 - u - 8. Calculate p(0).
-8
Let c(w) = -4*w + 17. Determine c(8).
-15
Let y(t) = t**2 + 13*t + 3. Calculate y(-11).
-19
Let n(k) = 72*k + 433. Calculate n(-6).
1
Let j(b) = b**3 - 7*b**2 + 12*b + 1. Give j(5).
11
Let v(j) = j**3 + 29*j**2 - j - 42. Determine v(-29).
-13
Let j(t) = -2*t**2 - 26*t + 131. Give j(-17).
-5
Let f(j) = -9*j**3 + j**2 - j - 1. What is f(-1)?
10
Let j(x) = x + 32. Determine j(-33).
-1
Let d(h) = h**3 + 11*h**2 - 14*h - 8. Calculate d(-12).
16
Let s(r) = r**3 - 3*r**2 + 2*r + 1. What is s(2)?
1
Let y(u) = u**3 + 8*u**2 - 14*u - 52. Determine y(-9).
-7
Let j(l) = 90*l - 1166. Determine j(13).
4
Let s(x) = 6*x**2 + x - 1. Calculate s(-2).
21
Let t(o) = 5*o - 11. Determine t(5).
14
Let u(r) = r**3 + 6*r**2 + 4*r - 5. Determine u(-5).
0
Let x(l) = -2*l**2 + 28*l - 25. What is x(14)?
-25
Let s(l) = 2*l - 13. Calculate s(5).
-3
Let t(h) = 5*h**3 - 3*h**2 + 3*h. Determine t(2).
34
Let w(r) = -7*r**2 + 12*r - 3. Calculate w(-4).
-163
Let l(b) = -2*b**2 - 4*b - 10.